mainder when 142 is divided by o(-4).
2
Let h(p) = 3*p**2 - 2*p - 1. Suppose 3*i + 4*n + 1 + 2 = 0, -5*i + 3*n = -24. Let j = 1 + i. What is the remainder when h(2) is divided by j?
3
Suppose -j - 10*s = -13*s - 313, -4*s - 314 = -j. Calculate the remainder when j is divided by 64.
54
Suppose 248 = 3*f - 0*v - 2*v, -4*v - 160 = -2*f. Suppose -f + 6 = -d. Calculate the remainder when d is divided by 28.
22
Calculate the remainder when (-17)/(5/(-2) + 2) is divided by (-150)/(-24) + (-2)/8.
4
Let z be (-6 + 6)/(-2 + 1). Suppose 0 = -5*m + 35 - 10. Suppose -m*a - r = -120, -2*r = -a - z + 24. What is the remainder when 45 is divided by a?
21
Suppose -3*n + 753 = 4*c, -11*c - 3*n = -9*c - 375. What is the remainder when c is divided by 33?
24
Let n(k) = k**3 - 21*k + 14. Calculate the remainder when 235 is divided by n(5).
31
Let q(h) = h**2 + 20*h + 6. What is the remainder when 95 is divided by q(-20)?
5
Suppose -5*h - t + 3 = 0, -15 = 5*h - 2*h - 5*t. Suppose u + h*u = 0. Suppose u*r + 2*r - 6 = 0. Calculate the remainder when 3 is divided by r.
0
Let j(c) = 27*c - 3. Suppose 4*s = 3*p + 18, -s + p = 3*p + 1. Calculate the remainder when j(s) is divided by 20.
18
Suppose 0 = -8*j + 198 + 18. What is the remainder when 128 is divided by j?
20
Let x(v) = -26*v - 94. Calculate the remainder when x(-6) is divided by 45.
17
Let z be (-9)/(-45) - 11/5. Calculate the remainder when 35 is divided by 3/(-2) - z - 135/(-18).
3
Let t(m) = -12*m**2 + 61*m + 7. What is the remainder when (0 + 1)*(-2 + 73) is divided by t(5)?
11
Suppose a - 4 = 5*u - 233, -u + 51 = 5*a. What is the remainder when 4 + -2 - (-86 + -1) is divided by u?
43
Suppose 826*p - 823*p - 48 = 0. What is the remainder when 29 is divided by p?
13
Suppose -16*q + 13*q + 36 = 0. What is the remainder when 44 is divided by q?
8
Let k(h) = -49*h + 647. Suppose 4*j + 0*j - 116 = 0. Calculate the remainder when j is divided by k(13).
9
Suppose 99*g - 8 = 95*g. Suppose -k + g = 0, k - 19 = -m - 2*k. Calculate the remainder when m is divided by 8.
5
Let i = 4 - -2. Let a = 51 + -44. Let j(n) = -n**2 + 7*n + 2. Calculate the remainder when i is divided by j(a).
0
Let z(g) = 0*g**2 + 6*g + 3 + 3 - g**3 - 5*g**2. Let p = 44 + -50. Calculate the remainder when z(p) is divided by 4.
2
Let i be (-2)/4 + 40/(-16). Calculate the remainder when i*219/(-9)*1 is divided by 19.
16
Suppose 6*c = 849 - 267. Calculate the remainder when 483 is divided by c.
95
Suppose -5*f - 2*s + 817 = 0, 46*f + 2*s = 45*f + 165. Calculate the remainder when f is divided by 23.
2
Suppose -l - 2 = l. Suppose -5*m = -0*m - 25. Calculate the remainder when 3 + (l - 6) - -18 is divided by m.
4
Calculate the remainder when 518 is divided by ((-9)/(-9) - 0) + 87.
78
Suppose -5*h + 7 = -63. Let z(l) = l**3 - l**2 + 24. Let k be z(0). Suppose 0 = 3*w - k - 99. What is the remainder when w is divided by h?
13
Let p be (-3)/9 + 112/(-6). Let m = p - -41. Calculate the remainder when 42 is divided by m.
20
What is the remainder when ((-612)/30)/((-2)/5) is divided by 20?
11
Let m(q) = -1. Let g(l) = 37*l + 3. Let y(d) = -g(d) - 3*m(d). What is the remainder when 109 is divided by y(-1)?
35
Let i be ((-10)/4 - -1)*2 + 27. Let y = -5 + i. Calculate the remainder when y is divided by 7.
5
Suppose 0 = -3*k + 12 - 6. What is the remainder when 75/(-10)*6/(-1) is divided by (-1)/(k*3/(-72))?
9
Suppose 124 = -w + 3*w + 2*p, 4*p = 3*w - 186. Let b = w + -55. What is the remainder when (8/(-2))/(4/(-18)) is divided by b?
4
Suppose 5*q + 2*r = -0*q - 697, -2*q = 3*r + 270. Let b = q - -206. Let v = -38 + b. What is the remainder when v is divided by 7?
6
Suppose 1 = 4*q + 2*s - 15, -4*q + 4*s + 28 = 0. Suppose -q*k + 63 - 18 = 0. Suppose -x - k = -20. What is the remainder when x is divided by 7?
4
Suppose 3*w - p + 21 = 0, 9 = -w - 3*p + 4*p. Let g be 202/4 - w/12. Calculate the remainder when g - 3/(-5 + 2) is divided by 27.
25
Let u(o) = 9*o**2 - 19*o - 16. Calculate the remainder when u(6) is divided by 179.
15
Suppose -i = -8*i - 63. Let x(n) = n**3 + 10*n**2 + 6*n - 5. Calculate the remainder when 63 is divided by x(i).
19
Let v(k) = 8*k**2 - k + 8. Calculate the remainder when v(6) is divided by 73.
71
Suppose -22 = -2*b - 5*l + 49, 5*b + l = 166. What is the remainder when 197 is divided by b?
32
Let p(j) = j**2 + 8*j + 12. Let h be p(-5). What is the remainder when 3/(h - (-801)/264) is divided by 30?
28
Let n = -80 + 152. Calculate the remainder when n is divided by (-2)/(-7) - 346/(-14).
22
Let b be ((-3)/(-1))/3 - 11. Let y(f) = f**3 + 11*f**2 + 9*f + 9. Let v(o) = o**3 + 13*o**2 - 3*o - 4. What is the remainder when v(-13) is divided by y(b)?
16
Suppose -3*v + 4 = v. Let z be (-24)/(v/(-6)*4). Suppose -z = -r - 2*r. Calculate the remainder when 23 is divided by r.
11
Let g be 3*100/24*4. Let k = 16 - 15. What is the remainder when ((-6)/4)/((-15)/g) is divided by k?
0
Let d = -12 + 24. Let u(c) = -2*c - 52. What is the remainder when u(-33) is divided by ((-15)/d)/((-2)/8)?
4
Let m = -29 - -64. Let i = 145 - m. Calculate the remainder when i is divided by 29.
23
Let m(y) = y**3 + 2*y**2 - 3*y + 4. Let k be m(-3). Let v(p) = -p**2 + p + 7. Let h be v(k). Let b = h - -13. What is the remainder when 29 is divided by b?
5
Suppose -2*r + 53 = -2*l - 53, 3*l = 6. Calculate the remainder when 384 is divided by r.
54
Suppose -31 = 5*m - 201. Let n = -46 - -64. What is the remainder when m is divided by n?
16
Let y = -845 + 863. Calculate the remainder when 33 is divided by y.
15
Let g = 122 - 116. Suppose -2*o = g*o - 336. Calculate the remainder when o is divided by (-1 + 2)*(13 - -2).
12
Suppose -208 - 92 = -5*g. Suppose -17*o + g = -12*o. Calculate the remainder when 20 is divided by o.
8
Let k(a) = 26*a**3 + a**2 - a. Let z be (-1)/(-3) + 2/3. Let n = 1777 - 1770. What is the remainder when k(z) is divided by n?
5
Suppose 89 = -2*p - 5*u, 5*u + 51 + 112 = -4*p. Let l be -16*(63/(-12) + 2). Let s = l + p. Calculate the remainder when 58 is divided by s.
13
Let a(z) = 3*z + 121. What is the remainder when a(-14) is divided by 19?
3
Let v(i) = 2*i**2 + 8*i + 13. Let s be v(-7). Let u = 61 - s. Calculate the remainder when 13 is divided by u.
1
Let c be 27/18 + 10 + 1/(-2). Let t(f) = -f**3 - 3*f**2 - 2*f - 4. Let y be t(-3). Suppose y*k = 57 + c. Calculate the remainder when 133 is divided by k.
31
Let g(k) = -2*k + 7. Let h be g(6). Let b = -1 - h. Suppose -3*t - 2*w + 6 + 37 = 0, 19 = t - b*w. What is the remainder when t is divided by 8?
7
Suppose -3*o + 15 = -2*o. Suppose 12*x = o*x - 246. What is the remainder when x is divided by 21?
19
Let u(w) = w**2 - 7*w - 14. Let i be u(9). Suppose -b = -4*p + 3*b + 144, 0 = 2*p + i*b - 54. Calculate the remainder when p is divided by 19.
14
What is the remainder when (-78)/91*(-3 + -39) is divided by 12?
0
Let d(t) = -3*t**2 + 79*t - 86. Calculate the remainder when 67 is divided by d(25).
11
Let l = 224 + 50. Calculate the remainder when l is divided by 26.
14
Suppose -15 = j - 0*j. Let a = j + 23. Suppose -5*u = 4*n - 360, a*u - 2*n = 3*u + 330. Calculate the remainder when u is divided by 18.
14
Let x = 273 + -254. What is the remainder when 20 is divided by x?
1
Let c = 1412 + -1407. Let y = 0 + 2. Calculate the remainder when c is divided by (-4)/(-3)*3/y.
1
Let i = -182 - -432. Suppose 5*d = i - 45. Suppose 3*k = 11*k - 176. Calculate the remainder when d is divided by k.
19
Let t(m) = -15*m - 217. What is the remainder when t(-25) is divided by 47?
17
Suppose 5*v - 37 = 3*p, 8*v - p - 15 = 6*v. What is the remainder when v is divided by 2?
0
Suppose -9*m + 150 = -4*m. Let i = m - -13. What is the remainder when i is divided by 22?
21
Let k(n) = 6*n + 3. Let c(h) = 31*h + 15. Let d(m) = 4*c(m) - 22*k(m). Let r be d(-5). Suppose 3*i + r = 127. What is the remainder when i is divided by 8?
7
Suppose -4 = 2*z + 2. Let o be -4 + 8 - (-6)/z. Suppose 2*m - d - 14 - 6 = 0, -o*m - 2*d + 20 = 0. What is the remainder when 19 is divided by m?
9
Suppose -2*q - 482 = -4*d, -d - 2*q = 3*d - 486. Calculate the remainder when d is divided by 41.
39
Calculate the remainder when (7 - -1) + 2915/55 is divided by 13.
9
Let y = 299 + -184. Suppose 4*h - y = -4*g + 3*g, -4*h = -5*g - 121. What is the remai